ommon divisor of 189 and 504819?
189
What is the highest common factor of 2886 and 34410?
222
Calculate the greatest common factor of 396 and 260931.
33
Calculate the greatest common factor of 1488 and 214458.
186
Calculate the greatest common factor of 2776995 and 195.
195
Calculate the greatest common divisor of 8234 and 44206.
46
What is the greatest common factor of 350 and 226660?
70
What is the greatest common divisor of 190 and 588310?
10
Calculate the greatest common factor of 7265 and 55.
5
What is the highest common factor of 3317 and 3424?
107
What is the greatest common divisor of 6 and 275010?
6
What is the highest common divisor of 153265 and 224?
7
Calculate the highest common divisor of 5430 and 1570.
10
Calculate the highest common factor of 20 and 43015.
5
Calculate the greatest common divisor of 530955 and 253.
23
Calculate the highest common factor of 443312 and 515.
103
What is the greatest common divisor of 22128 and 4704?
48
Calculate the greatest common divisor of 8366 and 16554.
178
What is the highest common factor of 603255 and 45?
15
What is the highest common factor of 549 and 4708773?
549
What is the highest common divisor of 624 and 35736?
24
Calculate the highest common factor of 176 and 294316.
44
Calculate the highest common factor of 6 and 262698.
6
Calculate the highest common factor of 100095 and 45.
15
What is the greatest common factor of 1235 and 4965935?
1235
What is the greatest common divisor of 418 and 33478?
38
Calculate the greatest common divisor of 77 and 78661.
11
Calculate the greatest common divisor of 2 and 45721.
1
Calculate the highest common divisor of 74828 and 4.
4
Calculate the highest common divisor of 8071200 and 177.
177
Calculate the greatest common factor of 9091 and 5.
1
Calculate the greatest common divisor of 98 and 1678887.
49
What is the highest common factor of 1890 and 24759?
189
Calculate the highest common divisor of 2248 and 452.
4
Calculate the highest common divisor of 664191 and 9.
9
Calculate the highest common factor of 470809 and 201.
67
Calculate the highest common divisor of 19040 and 3500.
140
What is the highest common divisor of 3598 and 2842?
14
What is the greatest common factor of 47953 and 869?
79
Calculate the highest common divisor of 31652 and 369.
41
Calculate the highest common factor of 268 and 3819.
67
Calculate the greatest common factor of 2849 and 457061.
407
What is the highest common divisor of 31565 and 53500?
535
What is the greatest common factor of 3059 and 6601?
161
Calculate the highest common factor of 1297 and 4.
1
Calculate the highest common factor of 7946830 and 430.
430
Calculate the highest common divisor of 24 and 9488.
8
Calculate the greatest common divisor of 9728 and 1368.
152
What is the highest common divisor of 39 and 204?
3
What is the highest common factor of 2 and 1863?
1
What is the greatest common divisor of 2483824 and 32?
16
Calculate the greatest common divisor of 80 and 323920.
80
Calculate the greatest common divisor of 341968 and 264.
88
What is the greatest common divisor of 28371 and 11466?
147
What is the highest common divisor of 83018 and 7254?
806
What is the highest common divisor of 777 and 567?
21
Calculate the greatest common factor of 121857 and 6994.
269
Calculate the highest common divisor of 3320 and 680.
40
What is the greatest common divisor of 1593 and 10827?
27
What is the greatest common divisor of 1827 and 147?
21
What is the highest common divisor of 177 and 123133?
59
Calculate the greatest common factor of 697 and 3936.
41
What is the greatest common factor of 675 and 1985?
5
What is the highest common divisor of 100 and 354780?
20
What is the greatest common divisor of 1232 and 135751?
77
What is the greatest common divisor of 720 and 24240?
240
What is the greatest common factor of 920 and 9160?
40
Calculate the greatest common divisor of 3160521 and 227.
227
Calculate the highest common divisor of 66414 and 6.
6
Calculate the highest common factor of 9245 and 20.
5
What is the greatest common factor of 25578 and 116?
58
Calculate the greatest common factor of 2153 and 21.
1
Calculate the greatest common factor of 3842 and 3264.
34
What is the greatest common factor of 401 and 9?
1
What is the highest common divisor of 125 and 215550?
25
What is the greatest common divisor of 148511 and 506?
253
Calculate the greatest common factor of 225 and 2211.
3
What is the highest common divisor of 62 and 4323818?
62
What is the highest common divisor of 114 and 1517226?
114
Calculate the highest common divisor of 615756 and 529.
529
Calculate the greatest common factor of 2504 and 4.
4
What is the greatest common divisor of 15 and 428835?
15
What is the greatest common divisor of 10250 and 37250?
250
Calculate the greatest common factor of 2128736 and 64.
32
What is the greatest common factor of 1683 and 96723?
99
Calculate the greatest common divisor of 30 and 79035.
15
What is the highest common factor of 1827 and 1097505?
261
What is the greatest common divisor of 1352 and 25480?
104
Calculate the greatest common factor of 11488 and 160.
32
Calculate the highest common divisor of 11909 and 1.
1
What is the greatest common divisor of 90 and 38980?
10
Calculate the greatest common factor of 1669104 and 48.
48
Calculate the greatest common divisor of 179267 and 44.
11
Calculate the greatest common divisor of 3021 and 4560.
57
Calculate the greatest common factor of 24944 and 13.
1
Calculate the highest common divisor of 559 and 991107.
559
What is the greatest common divisor of 275 and 710545?
55
What is the highest common divisor of 407133 and 27?
27
Calculate the greatest common divisor of 1875516 and 36.
12
What is the greatest common factor of 117200 and 2000?
400
Calculate the highest common factor of 129078 and 1414.
202
What is the highest common divisor of 1 and 76081?
1
Calculate the highest common divisor of 195 and 360750.
195
What is the greatest common divisor of 30 and 20555?
5
Calculate the highest common divisor of 45 and 59565.
15
Calculate the highest common divisor of 44 and 1434796.
44
What is the highest common divisor of 45080 and 440?
40
What is the highest common factor of 138 and 4818?
6
What is the greatest common divisor of 2166 and 17382?
6
What is the greatest common factor of 1040 and 170020?
20
What is the greatest common divisor of 5112 and 2059?
71
What is the greatest common factor of 3103 and 725?
29
Calculate the highest common factor of 20026 and 12236.
38
Calculate the greatest common factor of 2741784 and 276.
276
What is the greatest common divisor of 420 and 255?
15
Calculate the greatest common factor of 1328 and 208.
16
Calculate the highest common divisor of 6603 and 1420.
71
Calculate the highest common factor of 732 and 294081.
183
What is the greatest common divisor of 15563 and 2561?
197
Calculate the highest common factor of 259 and 40256.
37
What is the highest common divisor of 420266 and 84?
14
What is the highest common factor of 49 and 632737?
49
What is the greatest common divisor of 311884 and 3296?
412
Calculate the highest common divisor of 1612 and 41509.
403
Calculate the greatest common divisor of 302 and 81389.
151
What is the highest common divisor of 9610 and 378634?
1922
What is the greatest common factor of 10856 and 295?
59
Calculate the highest common factor of 39144 and 546.
42
Calculate the greatest common factor of 56 and 218624.
56
Calculate the greatest common divisor of 91 and 93743.
13
What is the greatest common divisor of 45 and 185715?
45
Calculate the highest common divisor of 2648 and 945998.
662
What is the greatest common divisor of 94 and 952502?
94
What is the greatest common divisor of 5 and 1007065?
5
What is the greatest common factor of 950456 and 416?
104
What is the highest common divisor of 2862781 and 1894?
947
Calculate the highest common divisor of 23596 and 5644.
68
What is the highest common divisor of 394 and 2938?
2
What is the highest common factor of 441 and 54747?
63
What is the highest common factor of 12816 and 203632?
1424
Calculate the highest common divisor of 14062 and 12166.
158
What is the greatest common divisor of 4835 and 173093?
967
What is the highest common factor of 302 and 86825?